 the second derivative of -d**3/3 + 3*d**2/2 + d. Suppose -3*h = -5*h + 12. Determine m(h).
-9
Let f(h) = -h + 7. Let v = 8 + -4. Let t be f(v). Let l(w) be the third derivative of -w**4/24 + w**3/6 + w**2. Calculate l(t).
-2
Let c(a) = a - 7. Suppose 2*r - 27*r = -150. Calculate c(r).
-1
Let f(o) = -95 + 3*o - 7*o**3 + 234*o**2 + 93 - 235*o**2. Calculate f(1).
-7
Let y(v) be the second derivative of v**4/12 - 5*v**3/6 - v**2 - 32*v + 1. Let n = 3 - -2. Calculate y(n).
-2
Let w(u) = u**3 + 5*u**2 - 6*u - 4. Let q(h) = h - 27. Let k be q(21). Give w(k).
-4
Let i(s) = 24 - 51 - 11*s + 36 + s**2. Determine i(12).
21
Let q(s) = s**2 + 3*s - 2. Let r be 0 - 1 - 5/(-1). Let w = -177 - -180. Suppose -m = -r*m - 3*g - 12, w*m + 8 = g. What is q(m)?
-2
Let v = -5 - -20. Suppose 8*w - v = 3*w. Let j(r) = -1 + 2 + 0 + 6*r + 7*r**2 + r**w. Give j(-6).
1
Let t(h) = -h**2 + 10*h - 1. Let x = 64 + -138. Let f = x - -84. Determine t(f).
-1
Let p(r) = r**2 + 8*r - 12. Let j be p(-9). Let f(v) = -2*v + 6. Let n(d) = -2*d + 7. Let u(y) = -6*f(y) + 5*n(y). Calculate u(j).
-7
Let j(z) = -2*z**2 - 11*z - 4. Let o = 1234 - 1239. Calculate j(o).
1
Let s(u) = u**2 - 8*u + 3. Let i = -54 - -54. Suppose i = 2*w - 4*w + 10. Give s(w).
-12
Suppose 0 = g - 4*g + 9. Let n be -1 + g - 3 - -5. Let a(k) = 1 + n - 1 + 7*k - 5. Give a(1).
6
Let g(x) be the second derivative of -x**3/2 + x**2 - 13*x + 10. Give g(-6).
20
Let v(q) = 2*q**3 - 2*q**2 - 10*q - 7. Let a(j) = 6*j**3 - 6*j**2 - 28*j - 20. Let t(f) = -6*a(f) + 17*v(f). Give t(1).
-1
Let i be 3/(-5) + (-2)/5. Let w be 3*((1 - i) + -3). Let g(f) = -2*f**2 - 4*f - 1. Calculate g(w).
-7
Let m(s) = -s**2 - 3*s - 2. Suppose -9 = 2*c + 2*u - 5*u, 5*c + 5*u - 40 = 0. Determine m(c).
-20
Let l(o) be the second derivative of o**3/6 + o**2 + o - 7. Suppose -3*f + 5*m - 25 = 0, -5*f - m = -6*m + 25. Determine l(f).
2
Suppose 4*u + 4*h + 482 = 470, 3*h = u + 11. Let o(g) = 11 - g + g + 2*g. Determine o(u).
1
Let p be (-2)/4 - 254/4. Let t = p + 65. Let x(k) = -7*k + 1. Give x(t).
-6
Let v be (1*5)/(-4 + 3). Let c(o) = o**3 + o**2 + 6*o - 10. Let d be c(5). Let w(q) = -164 - q**2 - 8*q + 330 - d + 2*q. Give w(v).
1
Let h(p) = 1 - 2 - 5 - p + 5. Let a(f) = 4*f. Let y(m) = a(m) + 3*h(m). Let u(g) = -g**2 + 11*g - 5. Let j be u(10). Give y(j).
2
Let a(j) = j - 7. Let y(p) = 2*p - 15. Let n be y(23). Suppose -n - 23 = -9*k. Give a(k).
-1
Let p be -5 - (3 + (1 - 5)). Let k be p + (2 - 0) - -1. Let v(c) be the second derivative of 5*c**3/3 - c**2/2 + 20*c. Determine v(k).
-11
Suppose -123*b + 24 = -127*b. Let q(y) = -7*y - 9 - y**3 + y + 8 - 7*y**2. What is q(b)?
-1
Let v(j) = -3*j**3 + 5*j**2 - 12. Let w(s) = 8*s**3 - 14*s**2 + 36. Let y(o) = 11*v(o) + 4*w(o). Let d = 1 + -1. Calculate y(d).
12
Let d(g) be the second derivative of g**5/20 - 5*g**4/12 + g**3/2 - g**2 + 3*g. Suppose 5 = -x, -4*x - 7 = 4*a - 3. Determine d(a).
-6
Let o(p) = p**2 + 6*p - 3. Let y(d) = d**2 - 13*d + 26. Let w be y(11). Let h be (-2)/(-4) - (-14)/w. Suppose -h*r + r = 15. What is o(r)?
-8
Let t(a) = a**3 + 3*a**2 + 1. Let w(b) = b**2 + 3*b - 12. Let g be w(-5). Let j(f) = 2*f**3 + 4*f**2 - f + 1. Let i(d) = g*j(d) + 3*t(d). Determine i(-1).
1
Let k = -12 + 8. Let z(j) = 9*j - 4. Let c(i) = 2*i. Let a(w) = 5*c(w) - z(w). Determine a(k).
0
Let f(c) = c**2 - 4. Suppose -6*s = -7*s + 3. Suppose j - s + 6 = 0. Determine f(j).
5
Let s(j) = -2*j**2 + 5*j - 10. Let c(f) = -3*f**2 + 10*f - 16. Let w(d) = -3*c(d) + 5*s(d). Calculate w(-4).
2
Let i(a) be the third derivative of a**4/24 + a**3/2 + a**2. Let z be i(-4). Let n(r) = -13*r**3 - 2*r**3 + 1 + 3*r**3 + 385*r - 385*r - 2*r**2. Determine n(z).
11
Let w(n) = -3*n - 1. Let s(i) = -i**2 + 29*i - 167. Let b be s(21). Calculate w(b).
-4
Let q = -969 - -975. Let w(r) = -2*r + r**2 - 5 - 5*r**2 + r**3 - r**2. Calculate w(q).
19
Let p be 10/(2/(-8) - 49/28). Suppose 3*x + 0 - 15 = 0. Let o = x + p. Let n(v) = v**2 + v - 2. What is n(o)?
-2
Let c(q) = -16*q**2 + 25*q + 29. Let u(k) = -7*k**2 + 12*k + 14. Let v(d) = 3*c(d) - 7*u(d). Determine v(8).
-19
Let g = -26 + 34. Let d(o) = g*o - 7*o + 1 + o - 2*o**2. Calculate d(2).
-3
Let c(a) = a**3 + 10*a**2 + 17*a - 13. Let d be c(-8). Let h = -25 - d. Let m(w) = w**3 + 5*w**2 + 3*w. What is m(h)?
4
Suppose 0 = 7*y + 18*y + 250. Let g(a) = -a - 11. Calculate g(y).
-1
Let k(a) = 6*a - 4. Suppose 21*v + 29 - 8 = 0. What is k(v)?
-10
Let p(u) = 2*u**2 - 3*u - 2. Suppose 247*j - 242*j - 10 = 0. Determine p(j).
0
Let g = 275 + -185. Let j(o) = g - 47 + 2*o - 42. Calculate j(-5).
-9
Let c(q) = q**2 + 5*q - 9. Let l = -971 - -964. Calculate c(l).
5
Let q(c) = c**2 - 4*c - 5. Let l(a) = -75*a + 4. Let p be l(1). Let b = p - -76. Determine q(b).
0
Let u(o) be the third derivative of -o**5/60 - o**4/12 - o**3/6 - 232*o**2. Calculate u(-2).
-1
Let i(g) = g**3 - 2*g**2 - 7*g - 6. Suppose -2*t = -5*w - 12 - 14, 2*w - 4*t = -20. Determine i(w).
-74
Let f(x) = -2*x - 14. Let w be f(-6). Let i be w + 3 + -1 + (-8)/4. Let p(v) = 2*v**2 + 3*v + 2. Calculate p(i).
4
Let p(o) = o + 7. Suppose 5*d - 114 = -14*d. Calculate p(d).
13
Suppose 4*n - 1 = 5*n. Let x be n + 114/27 + 20/(-90). Let f(h) = -h**3 + 5*h**2 - 3*h - 4. What is f(x)?
5
Let h(v) = 3*v + 0*v**2 + 3*v**2 - v**3 - 2*v**2 + 3 - 4. Suppose 0 = -4*g + 2*n - 14 - 0, -3*g - n - 23 = 0. Let u = g + 9. Calculate h(u).
-10
Let s(w) = 37 - 2*w - 41 + w + 7*w**2 - 6*w**3 - 4*w. Let d(c) = 5*c**3 - 6*c**2 + 4*c + 3. Let g(k) = -4*d(k) - 3*s(k). Determine g(2).
-6
Let s(w) = 10*w**2 - 1. Let f(u) be the second derivative of u**5/20 - u**4/12 - u**3/6 - u**2/2 + 15*u. Let h be f(2). Determine s(h).
9
Let t(g) be the second derivative of 0 - g**3 - 2*g**2 - 1/12*g**4 - 2*g. Determine t(-5).
1
Let v(c) = -c + 30. Let z be v(28). Suppose -3*d - z*f = -3, 2*d + 4*f - 7 - 3 = 0. Let j(w) = -10*w**2. Determine j(d).
-10
Suppose -5 = u - 2*u, -2*n = 4*u - 18. Let z(h) be the second derivative of 6*h + 0 + 1/2*h**4 + 0*h**3 + 0*h**2. Give z(n).
6
Let m(f) = 7*f + 1. Let i be (448/56 - (-15)/(-2))*-6. Calculate m(i).
-20
Let o = -12 - -3. Let f = 15 + o. Let c(w) = 5 + 647*w + 0 - 650*w. Give c(f).
-13
Let b(w) = 4*w - 17. Let n(s) = -3*s + 14. Let i(z) = 4*b(z) + 5*n(z). Determine i(-3).
-1
Let l(v) be the third derivative of -v**6/120 + v**5/30 - v**4/12 + v**3/6 - 245*v**2. What is l(3)?
-14
Let j(w) = w**3 - 2 - 1533*w**2 + 776*w**2 + 774*w**2. Give j(-17).
-2
Let l(z) = -z**3 + 4*z + 13*z - 7*z**2 - 7*z + 4 - 2*z. Give l(-8).
4
Let y(q) = -q**2 + 2*q + 6. Let b = -93 + 98. Suppose -20 = -9*l + b*l. What is y(l)?
-9
Let h(u) = -u + 4. Let p(g) = g**3 - g**2 - 7*g - 5. Let s be p(4). Let i be 10/4*(-1 + 33/s). Determine h(i).
1
Let t(x) be the first derivative of -2 - 9/2*x**2 + 0*x. Calculate t(1).
-9
Let c(p) = 7*p - 39. Let r be c(4). Let m(y) = 9*y - 4. Let n(g) = 5*g - 2. Let l be (2/(-5))/(7/(-105)). Let b(k) = l*m(k) + r*n(k). Determine b(-4).
2
Let j = 16 - 11. Suppose j = -m - 0. Let b(g) = g**3 + 5*g**2 + g. Determine b(m).
-5
Let c(m) = -209*m - 3 + 408*m - 203*m - m**2. Calculate c(-5).
-8
Let l = 22 + -30. Let k(a) = a - 3. Give k(l).
-11
Let n be (-3 + -9)*((-77)/(-28) + -3). Let h(x) be the third derivative of 0 + 1/12*x**4 + 1/6*x**n + 0*x + 7*x**2. Determine h(-2).
-3
Let u(k) = k**2 + 6*k - 4. Let c(q) = -1. Let a(t) = -6*c(t) + u(t). Let b = -8 + 4. Give a(b).
-6
Let m(b) = 9*b - 1. Let h(t) = -6*t**2 - 3*t + 1. Let d be h(1). Let c = d - -11. Give m(c).
26
Let x(b) = -3*b + 4. Let h = 30 - 35. Let g(m) = m**2 + 4*m - 1. Let q be g(h). What is x(q)?
-8
Let d(h) be the second derivative of h**5/20 + 13*h**4/12 - 13*h**3/6 + 19*h**2/2 - 3*h + 25. Give d(-14).
5
Let h(b) = -9*b - 21. Suppose 0 = 27*x + 5 + 76. What is h(x)?
6
Let k(d) = -7*d + 6. Let s = -30 - -27. Let q(b) = 0*b + b + 0 + 0 - 1. Let x(i) = s*k(i) - 24*q(i). Calculate x(4).
-6
Let k = -418 + 419. Let i(u) = 11*u - 4. Calculate i(k).
7
Let d be (-63)/(-18)*16/14. Suppose 0 = -5*y - d*h - 1, 0 = 4*y + y + h + 4. Let p(x) = 21 - 21 - 10*x. Calculate p(y).
10
Let a = 101 + -89. Let p(l) = -7*l**3 - 7*l + 4*l**3 - 9*l**2 - a + 10 + 2*l**3. Give p(-8).
-10
Let d be (-8)/(-36) - (1750/63)/(-10). Let v(p) = 2*p**2 + p - 3. Give v(d).
18
Let c(o) = 44*o**2 + o**3 + 2 + 41*o**2 -